2 + 12*g - 28. Let j be l(-19). Let d = 114 - j. What is the remainder when 53 is divided by d?
8
Let u(m) = 3*m**2 - 2*m - 2. Let h be u(-1). Suppose 0 = -3*g + 2 + 10, -222 = -3*s - h*g. Calculate the remainder when s is divided by 24.
22
Let r(m) = -27*m - 287. What is the remainder when 139 is divided by r(-11)?
9
Calculate the remainder when (4 + 549/(-6))*42/(-35) is divided by 27.
24
Let o = 99 - 102. Let p(h) be the third derivative of -h**4/6 - h**3/3 + h**2. What is the remainder when 27 is divided by p(o)?
7
Suppose -z + 4*a = -69, 2*z + 3*a = -3*z + 414. Calculate the remainder when z is divided by 546/52*4/2.
18
Let m = 0 + 3. What is the remainder when 8 is divided by m?
2
Suppose -6*c + 751 - 61 = 0. What is the remainder when c + 2/(-2) - (1 + -4) is divided by 15?
12
Suppose 47 = 4*g - 1. Let p = 15 - -32. Let x = 81 - p. What is the remainder when x is divided by g?
10
Suppose 0 = 9*b - 15 - 39. What is the remainder when 63 is divided by b?
3
Let z be 2*138/(3/(-1)). Let w = z + 122. Calculate the remainder when w is divided by 16.
14
Let h = 747 + -405. Calculate the remainder when ((-2)/(-2))/(9/h) is divided by 20.
18
Suppose -5*n + 234 = -2*n. Calculate the remainder when n is divided by -3*11/((-55)/45).
24
Suppose -5 = -u + 11. Let d(x) = -x**2 - 26*x - 57. What is the remainder when d(-14) is divided by u?
15
Let x be ((-78)/(-10))/((-7)/(-35)). Suppose 5*a = -3*w + 17, -4*w - 1 + x = -a. What is the remainder when 2/w + (-1371)/(-27) is divided by 18?
15
Let h = -46 - -48. Let j = h + 13. Calculate the remainder when 36 is divided by j.
6
Let g(z) = -z**3 + 9*z**2 + z + 16. What is the remainder when g(9) is divided by (-1)/(-4) + 27/4?
4
Calculate the remainder when ((-1836)/85)/((-1)/((-40)/(-6))) is divided by 20.
4
Suppose -3*d - 2*d = 4*h - 63, 5*h + 2*d - 66 = 0. Suppose -16 + h = -r. Suppose 4*m - 14 - 10 = 0. What is the remainder when m is divided by r?
2
Suppose -2638 = 40*r - 45638. What is the remainder when r is divided by 14?
11
What is the remainder when 126 is divided by (46/(-3) + 17)/(10/24)?
2
Suppose -6*w + 42 + 192 = 0. Calculate the remainder when 170 is divided by w.
14
Let p(k) = 29*k**2 + 3*k - 8. Calculate the remainder when 251 is divided by p(2).
23
Suppose 4*t + 4*m + 14 = 134, t = m + 40. Suppose -589 = -6*s - 49. Suppose 2*k = 48 + s. What is the remainder when k is divided by t?
34
Let q be -2*8/(-12)*3. Let u be q + (3 - 7) + 0. Suppose u = -2*t - 10, 2*p + 2*t - 320 = -p. Calculate the remainder when p is divided by 28.
26
What is the remainder when 173 is divided by (0 - 36/(-14))*(8 + 27)?
83
Suppose -21*z + 5547 = 22*z. Calculate the remainder when 252 is divided by z.
123
Let m(w) = -2*w + 10. What is the remainder when 39 is divided by m(-2)?
11
Suppose -4*y + 80 = 28. Let m(w) = w + 7. Let t be m(y). What is the remainder when 10 is divided by (-52)/(-10) + 16/t?
4
Let j(h) = h**2 - 4*h + 10. Let p be j(6). Suppose b - 2*m = p, -2*b - 3*m + 58 = -0. Calculate the remainder when 77 is divided by b.
25
Suppose -1 = u, -4*z + 4 = -u - 3*u. Suppose z = -4*t - 4*y + 168, -4*t - 5*y = -0*y - 164. Calculate the remainder when t is divided by (-110 - -134)/(2 + 0).
10
Suppose -6*f + 9 = -3. What is the remainder when 247/f + 3/(-6) + -1 is divided by 41?
40
Suppose 4*c = -4*s - 16, 3*c - 6*c + 5*s + 20 = 0. Suppose c = -5*f + 4*h - 9 - 0, -2 = 3*f + h. Calculate the remainder when 75 is divided by 52*f*1/(-2).
23
Suppose f = a + a - 4, 0 = 4*f - 8. Suppose 6 = t + a. Suppose 4*r - 54 = -4*z + 2*z, t*r - 48 = z. What is the remainder when 44 is divided by r?
14
Calculate the remainder when 22 is divided by ((-27)/(-15))/((-5)/(-50)).
4
Calculate the remainder when (-22*22/(-363))/((-8)/(-186)) is divided by 24.
7
Let f(r) = -11*r + 21. Let s be f(-4). Let p = s - 13. What is the remainder when p is divided by 6?
4
Let c(u) = -u**3 + 10*u**2 - 17*u + 20. What is the remainder when 139 is divided by c(7)?
43
Let s(t) = t**3 - 15*t**2 - 14*t - 8. Let p be s(16). Suppose -p = -8*q + 4*q. What is the remainder when 8 is divided by 3/(-3 + q) - -4?
3
Suppose -h - 3 = -6. Suppose -14 = h*m - 95. Suppose -3*z = -329 + 95. Calculate the remainder when z is divided by m.
24
Suppose -37*g - 14*g - 788 = -992. Let n = 90 + -57. What is the remainder when n is divided by g?
1
Let n = 559 + -186. Calculate the remainder when n is divided by 17.
16
Let l(u) = -2*u**3 - 73*u**2 - 37*u + 15. Suppose -3*o + 19 + 14 = 0. Calculate the remainder when l(-36) is divided by o.
7
Let p(m) = -m**3 + 36*m**2 - 62*m - 203. Calculate the remainder when 400 is divided by p(34).
0
Let p(l) = -11*l**2 + 17*l + 439. Let g(m) = 5*m**2 - 8*m - 219. Let v(x) = -13*g(x) - 6*p(x). Calculate the remainder when v(0) is divided by 54.
51
Suppose -5*g - 5*r + 575 = 0, 0 = -3*g - 0*r + 4*r + 366. Calculate the remainder when g is divided by 15.
13
Let l(d) be the second derivative of -d**4/12 - 4*d**3/3 - d**2/2 + 5*d. Let h be l(-6). Let w = 22 - h. What is the remainder when 31 is divided by w?
9
Let f(y) = 5*y**2 + y - 21. Let o(i) = -i**2 - 5*i + 9. Let d be o(-7). What is the remainder when f(d) is divided by 34?
31
Let y(p) = -p**2 - 16*p + 234. Calculate the remainder when 41 is divided by y(-25).
5
Suppose 382 = 7*l - 136. Let t = l - 54. What is the remainder when 99 is divided by t?
19
Let o = 176 + -126. Calculate the remainder when o is divided by 19.
12
Let g(c) = 2*c**3 - 3*c**2 - 17*c + 5. Calculate the remainder when g(5) is divided by 24.
23
Suppose -31*t - 351 = -40*t. What is the remainder when t is divided by 6?
3
Let r = 18 - 2. Calculate the remainder when 39 is divided by r.
7
Let o(p) = -77*p**3 + p + 1. Let i be o(-1). Suppose -5*z - 2 = -i. What is the remainder when (-1)/(6/(-18)) - -39 is divided by z?
12
Let b(s) = -s**2 + 5*s + 81. What is the remainder when 90 is divided by b(10)?
28
Let b = -42 - -52. Let x(v) = 3*v + 22. What is the remainder when x(b) is divided by 19?
14
Let b(j) = -2*j**2 + 24*j + 2. Let z be b(12). Suppose z*v - 212 = -2*v. What is the remainder when v is divided by 19?
15
Let l = 53 + -24. Suppose 4*y = 2*y + 6. Suppose -36 + 6 = -y*m. Calculate the remainder when l is divided by m.
9
Let b be 28/12*1*6. Suppose 13*r - b*r + 52 = 0. Suppose 0 = 4*f + 5 - 77. Calculate the remainder when r is divided by f.
16
Suppose -h = 3*y - 2*h - 21, -5*h = 3*y - 39. Suppose 0 = a - y*a + 259. Suppose -19 = k - 2*k. What is the remainder when a is divided by k?
18
What is the remainder when ((-2)/(-3))/(6/531) - 0 is divided by 14?
3
Suppose -k - 849 = -j - 0*j, -3*j = 3*k - 2559. Suppose -3*p - 164 = -j. What is the remainder when p is divided by 23?
22
Let f(i) = 3*i**2 + 15*i - 22. Let w be 2 + (0/1)/1. Suppose 132 = 2*g - 4*l, -4*g - w*l + 4*l = -294. Calculate the remainder when g is divided by f(2).
16
Let d = 113 + -7. Calculate the remainder when d is divided by 27.
25
Let j(l) = 7*l**2 + 9*l - 1. What is the remainder when 357 is divided by j(2)?
42
Let m = 57 + -58. Calculate the remainder when 15 is divided by (4 + 0)/(0 - m).
3
Let o = 1981 + -1870. Calculate the remainder when 1439 is divided by o.
107
Suppose -45 = w - 4*w. Let z(u) be the first derivative of u**3/3 + u**2/2 + 13*u - 7. Calculate the remainder when z(-6) is divided by w.
13
Suppose -138 = -32*b + 150. Suppose 0 = 4*i + 2*v - 422, 0*v + 528 = 5*i + 2*v. Calculate the remainder when i is divided by b.
7
Suppose y = 2*y - 20. Calculate the remainder when 278 is divided by y.
18
Let v = -322 - -431. Calculate the remainder when v is divided by 29.
22
Let w(r) = -r**2 - 21*r + 8. Let i be w(-15). Suppose 6*q = -i + 530. What is the remainder when q is divided by 28?
16
Let t(h) = h**3 - 2*h**2 - 5*h - 2. Suppose 39*n = 564 + 333. What is the remainder when n is divided by t(4)?
3
Let o(u) = -6*u - 40. Suppose 9 = 2*m + m. What is the remainder when o(-9) is divided by m?
2
Let d(y) = -y**3 + 5*y**2 + 7*y + 7. What is the remainder when 63/(-14)*(-50)/3 is divided by d(6)?
10
Let k(q) = 3*q**2 + 9 - 15 + 9*q - 2*q**2. What is the remainder when k(-11) is divided by 6?
4
What is the remainder when 1 + 140 + (-39 - -31) is divided by 70?
63
Suppose 224 = 4*x - 4*r, 2*x - 5*r = -44 + 147. Calculate the remainde